= o + -843. What is the remainder when k is divided by 7 + 1/(-2)*-2?
7
Suppose 163 = 3*l - 17*o + 12*o, -41 = -l + 5*o. Suppose -18*h + 17*h = -l. What is the remainder when 363 is divided by h?
58
Let t = -132 + 342. Suppose k - t + 33 = -5*i, -5*k + 165 = 5*i. Let l(m) = 13*m - 14. What is the remainder when l(12) is divided by i?
34
Let o = 26 + -26. Let g = -15 - -38. Calculate the remainder when 2 + (28 - o - 1) is divided by g.
6
Let u = 63 + -29. What is the remainder when 115*19/874*366/15 is divided by u?
27
Let f(m) = 565*m + 167. Let g be f(22). Suppose -g = -10*n - 2827. What is the remainder when n is divided by 49?
46
Let h be 8/(-3)*(-24)/16. Suppose -3*t + t + 54 = 4*o, -t + 21 = -h*o. Calculate the remainder when t is divided by 10.
5
Let t = 17291 + -17247. Calculate the remainder when 526 is divided by t.
42
Suppose 6*h - 5*h = t + 151, 5*t + 602 = 4*h. Calculate the remainder when h is divided by (-57)/(-9) - 4/((-60)/(-5)).
3
Suppose 2*q + 4*f - 3*f - 97 = 0, 4*q - 3*f = 169. Let h = q + -34. Suppose 2*t = 4*t - h. Calculate the remainder when t is divided by 2.
0
Let k(l) = -2 + 633*l - 1 - 42 - 639*l. Let d = -27 - -15. Calculate the remainder when 51 is divided by k(d).
24
Let h(u) = -5*u**2 - 7*u - 16. Let b(j) = 11*j**2 + 13*j + 33. Let q(v) = 6*b(v) + 13*h(v). What is the remainder when (3 + 18*4)*1 is divided by q(15)?
15
Suppose 2*n - 214 = -2*u, 3*u = -2*n + 8*u + 214. What is the remainder when n is divided by 46?
15
Let g(r) be the first derivative of -5*r**2/2 - 202*r - 125. What is the remainder when 52 is divided by g(-44)?
16
Let m(w) = 14*w**2 + 16*w - 40. Let d be m(3). Let f = d + -119. Calculate the remainder when 53 is divided by f.
8
Let b = 643 + -632. Suppose 9 = -4*t - b, -52 = -s + t. Calculate the remainder when s is divided by 13.
8
Let v(r) = -r**3 + 11*r**2 - 15*r + 52. Let n be v(10). Suppose c - 3*c = -2. Suppose 33 = n*h + c. What is the remainder when 59 is divided by h?
11
Let s = 290 + -484. Let p = 1597 + -1893. Let d = s - p. Calculate the remainder when d is divided by 21.
18
Suppose 175 = 3*g - 440. Suppose 0*r + 5*r - 5*t = g, 3*t = 2*r - 87. Suppose -6*m + 154 = -260. Calculate the remainder when m is divided by r.
33
Suppose 0 = 19*s - 527 + 90. Calculate the remainder when 1261 is divided by s.
19
Suppose -4*x + 272 - 16 = -4*n, x = 4*n + 79. Suppose 2*l + 0*f + 5*f - 30 = 0, 3*l = -4*f + 38. Calculate the remainder when x is divided by l.
9
What is the remainder when 87/2*689*(-36)/(-117) is divided by 45?
42
Let k(s) = 24*s + 1668. Calculate the remainder when 138 is divided by k(-64).
6
Suppose -13*k = -14*k. Suppose z - 655 + 613 = k. What is the remainder when z is divided by 11?
9
Let y = 11522 + -9102. What is the remainder when y is divided by 483?
5
Suppose 0 = 5*w - 2*w + 3*c + 12, 3*w + 6 = -5*c. Let n = w - -40. Calculate the remainder when n is divided by 9.
6
Let u(h) = 7*h**2 + 6*h - 15. Let m(k) = -6*k**2 - 8*k + 17. Let p(r) = 6*m(r) + 7*u(r). What is the remainder when p(-2) is divided by 39?
22
Let m = 6728 - 6594. What is the remainder when 1069 is divided by m?
131
Let p be (-2)/3 + (-740)/15 + 6. What is the remainder when 59 is divided by 3/(-6)*(12 + p)?
11
Let g be (-5100)/(-153)*(-78)/4. Calculate the remainder when 138 is divided by (6/(-5))/(39/g).
18
Suppose -5*i + 6*a - 2*a = 5572, 0 = 2*i + 5*a + 2209. What is the remainder when (1/(3/6))/((-16)/i) is divided by 28?
27
Suppose -3 = 3*l, -4*d = -0*d + 2*l + 2. Suppose d = -5*p - 98 + 28. Calculate the remainder when 5 is divided by (-4)/3*(p + 11).
1
Let y = -49 + 52. Suppose -y*x - 76 = -142. Calculate the remainder when 36 is divided by x.
14
Let r(g) = -60*g - 14. Let j be r(-2). Let h = j - -24. Calculate the remainder when h is divided by 11.
9
Let g(i) = -i**3 + 2*i**2 + 30. Suppose 0 = 50*y - 42*y. Suppose -456 = -4*q + 5*u, -3*q - 3*u + 131 = -2*q. What is the remainder when q is divided by g(y)?
29
Let w = 601 - 580. What is the remainder when 172 is divided by 105/(-14)*(-154)/w?
7
Let v = -17566 + 17825. Calculate the remainder when v is divided by 65.
64
Let p(t) = t**3 - 203*t + 348. Calculate the remainder when 1191 is divided by p(14).
191
Let r(m) = -6*m - 17. Suppose -9*p = -10*p - 2. Let k(v) = -5*v - 17. Let u(i) = p*k(i) + 3*r(i). What is the remainder when u(-4) is divided by 9?
6
Let y = 175 - 639. Let p = -338 - y. What is the remainder when p is divided by 32?
30
Let i(t) = -12*t - 2. Let q = -61 + 81. Suppose -44*a = -48*a - q. Calculate the remainder when i(a) is divided by 10.
8
Suppose -572 = -39*h + 271 - 180. What is the remainder when 6289 is divided by h?
16
Let p(w) = w**3 + 8*w**2 + 13*w + 29. Suppose -6*g + g = -10. Suppose -224 = -5*q + 4*u, g*q - q + 3*u = 41. What is the remainder when q is divided by p(-6)?
21
Suppose 0 = -2*h - 263 + 91. Let y = h + 477. Suppose -y = -5*t - s, s = 4*t + 50 - 370. What is the remainder when t is divided by 20?
19
Suppose s - 502 = 4*b, -484*b = -3*s - 483*b + 1495. Calculate the remainder when s is divided by 91.
43
Suppose 47*r - 3*w = 50*r - 3726, 0 = -3*r - w + 3732. Calculate the remainder when r is divided by 50.
45
Let a(z) = -76*z + 212. What is the remainder when a(1) is divided by 82?
54
Suppose 4*h - 153 = 5*m, 100*m = 3*h + 96*m - 116. What is the remainder when 1501 is divided by h?
29
Suppose -4*a + 0*a + 8 = 0. Suppose 2*s = -2*s + a*w + 48, -s + w = -14. Calculate the remainder when (-9 - (-3 + -4)) + 50 is divided by s.
8
Let w be 51*(-1)/(-8) + (-15)/40. Calculate the remainder when 7 is divided by -1 + ((72/6)/1 - w).
2
Suppose 3*c - 2*t - 1940 = 0, 32*t = -5*c + 30*t + 3228. What is the remainder when c is divided by 182?
100
Let w = 1833 - 1784. Let b be (3/1 - 6) + 7. What is the remainder when b/(-10) + 4362/30 is divided by w?
47
Let l(b) = -b. Suppose -2*v - 3*z + 47 = -2*z, 4*v - 2*z - 98 = 0. What is the remainder when l(-5) is divided by (v/21 + -2)/((-56)/196)?
2
Let v(l) = l**3 + l + 626. Let q = -205532 - -205595. Calculate the remainder when v(0) is divided by q.
59
Suppose -208*q = -3*v - 210*q + 32, 2*v + 2*q = 24. Calculate the remainder when 204 is divided by v.
4
Suppose 26 = 2*z + 2*n, 0*n + 4*n = 8. What is the remainder when 7005 is divided by z?
9
Let n(y) = 35*y - 2. Let c be n(1). Suppose 32*l - c*l + 5 = 0. Let m = 117 - 97. Calculate the remainder when m is divided by l.
0
Let g(c) = -c**3 + 5*c**2 + 44. Let x be g(0). Let s = x - 21. Calculate the remainder when 111 is divided by s.
19
Let v = 2810 + -164. Let u be 6/(-8) + v/(-56). Calculate the remainder when 9 is divided by ((-3)/9)/(4/u).
1
Calculate the remainder when (-14)/4*(-157 - 88/(-8)) is divided by 26.
17
Suppose 8 = 2*o - 4*y, 5*o + 5*y = o + 16. Let u be (-1012)/18 - ((-170)/(-45) - o). What is the remainder when 55 is divided by 3*(-11)/(132/u)?
13
Let o = -27285 - -31511. What is the remainder when o is divided by 146?
138
Suppose 27*k - 81*k - 47*k = -67771. What is the remainder when k is divided by 77?
55
Let g(y) = -6*y**2 + 55 - 145 + 48 - 7*y**2 + 27*y + 3*y**3 - 2*y**3. What is the remainder when 43 is divided by g(11)?
4
Suppose 12 = s + 2*v, -10*s + 4*v + 4 = -5*s. Let f be (s - 10/14) + 6/(-21). Suppose -f*q + 8*q = 45. What is the remainder when 79 is divided by q?
7
Suppose 2*a + 3*u - 54 = 0, -u - 96 = -3*a + 2*u. Let j(h) = 152*h - 82. Let o be j(2). Let n = 280 - o. What is the remainder when n is divided by a?
28
Let n(w) be the first derivative of -11*w**2 + 54*w - 38. Calculate the remainder when n(-13) is divided by 31.
30
Let b = -1 - -5. Let v(h) = 93*h**3 - h**2. Let u be v(1). Let q = u - 77. Calculate the remainder when q is divided by b.
3
Let x = 559 - 65. Calculate the remainder when x is divided by 125.
119
Let f(x) = 2*x - 3. Let p = 376 + -369. Suppose -p*q + 273 = -399. What is the remainder when q is divided by f(7)?
8
Let f(y) = 17*y + 32. Suppose 0 = -13*j + 41 + 180. What is the remainder when f(j) is divided by 17?
15
Suppose -10*x - 2321 = x. Let y = x - -233. What is the remainder when 55 is divided by y?
11
Let m = -11 - 14. Let t = -5 - -73. Let j = m + t. Calculate the remainder when j is divided by 22.
21
Let d(m) = 9*m. Let z(r) = 360*r + 0*r**2 - 357*r + r**2. Let b be 